ainder when u is divided by f?
2
Let d be (16/(-20))/(5/(-25)). What is the remainder when 158 is divided by 16/d - -1 - -27?
30
Let y(l) = l**3 + 1 - l**2 - 3 - 5*l**2 + 6*l. Let m be y(5). Suppose m*g + 2*g = 60. Calculate the remainder when 44 is divided by g.
8
Let o(q) = 4*q**2 - 37*q + 143. What is the remainder when 172 is divided by o(4)?
54
Calculate the remainder when ((-20)/(-25))/((-12)/(-1950)) is divided by 27.
22
Suppose 6*k - 15 = 3*k. Let p = 16 - 2. Calculate the remainder when p is divided by k.
4
Suppose -3*o + g + 1623 = 0, 647 = 3*o + 14*g - 1021. What is the remainder when o is divided by 42?
38
Suppose -23*l + 12833 - 3288 = 0. Calculate the remainder when l is divided by 22.
19
Suppose 7*m - 160 = 2*m. Suppose -m = -g - 4. Suppose -8 = -2*b - 3*p, 0 = -3*p - p - 16. What is the remainder when g is divided by b?
8
Let h(i) = 13*i**3 + 8*i**2 - 7*i + 11. Let p(o) = 7*o**3 + 4*o**2 - 4*o + 6. Let s(x) = -4*h(x) + 7*p(x). Calculate the remainder when s(-3) is divided by 3.
1
Let r = -965 - -997. Let x(s) = s**2 + 2*s - 7. What is the remainder when r is divided by x(-6)?
15
Suppose 2*b - 70 = -4*j, -3*b = -12*j + 17*j - 101. Calculate the remainder when b is divided by 16.
11
What is the remainder when ((-9)/4)/(23/((-220800)/45)) is divided by 18?
12
Let y(d) = 4*d + 30. Calculate the remainder when y(3) is divided by 17.
8
Let w = 18 + 3. Suppose 0 = p - 1 + w. Calculate the remainder when 1/4 - 515/p is divided by 14.
12
Let i = -1437 + 1445. What is the remainder when 20 is divided by i?
4
Suppose 54*i - 59*i = -7410. What is the remainder when i is divided by 27?
24
Suppose q + 83 = 336. Calculate the remainder when q is divided by 37.
31
Suppose -u + 6*u - 393 = -m, 389 = 5*u + 3*m. Let a(t) = -t**3 + 2*t**2 + 6*t + 1. What is the remainder when u is divided by a(-3)?
23
Let w = -91 + 134. What is the remainder when 170 is divided by w?
41
Let s = -655 + 657. Suppose -5*p = -2*f - 8, 3*p = -f - 3*f + 10. Calculate the remainder when s is divided by p.
0
Let v(j) = 14*j + 2*j**2 + 2*j**2 - 3*j**2 - 3 - 12*j. Let t be v(6). Suppose -u - 4*u = -t. Calculate the remainder when 15 is divided by u.
6
Suppose 5*o - 340 = -4*y, -7*y = -2*y + 3*o - 425. What is the remainder when y is divided by 44?
41
Let t(p) = -p + 21. Let c be t(9). Let h = 0 + c. Calculate the remainder when (6/9)/(h/774) is divided by 15.
13
Let t = -253 + 436. Let l = 39 + 7. Calculate the remainder when t is divided by l.
45
Let h = -3940 + 3946. Calculate the remainder when h is divided by 44/10 - 2/5.
2
Let b(y) = 2*y**3 + 10*y**2 - 18*y + 6. What is the remainder when b(4) is divided by 15?
12
Let c = 57 + 64. Calculate the remainder when c is divided by 42.
37
Suppose 2*b - 924 + 810 = 0. Calculate the remainder when 241 is divided by b.
13
Suppose g - 7 + 8 = -3*q, 0 = 5*g + 5*q + 5. What is the remainder when -3*1*g - (20 + -216) is divided by 50?
49
Suppose 2*i + 21*o - 23*o = 158, 4*i - o - 319 = 0. What is the remainder when i is divided by 45?
35
Let j = 186 + -74. Calculate the remainder when j is divided by 32.
16
Let z(h) = 3*h - 9. Let l be z(4). Suppose 0 = 3*f - 0*f - 12. Suppose l*q = f*i - 63, 2*i - 5*i - 3*q = -63. Calculate the remainder when 34 is divided by i.
16
Let j be 126 + -2 - (-1 + -1). Suppose 3*b + j + 30 = 0. Calculate the remainder when (-14 + -1)*b/65 is divided by 2.
0
Let k = -8 - -14. Let l = 2 + k. Let q = 14 + 7. What is the remainder when q is divided by l?
5
Let s(r) = -7*r - 4. Let w(y) = 4*y**3 + 2*y**2 - 3*y + 4. Calculate the remainder when w(3) is divided by s(-5).
28
Calculate the remainder when 33320/187 - (-6)/33*-1 is divided by 31.
23
Let o = -340 - -353. What is the remainder when 363 is divided by o?
12
Let n(q) = q**2 - 2*q - 11. Let y be n(0). Let b = 0 - y. Suppose -7*k + 84 = -3*k. Calculate the remainder when k is divided by b.
10
Let f = -51 - -67. Calculate the remainder when 119 is divided by f.
7
Let s(o) = 6*o - 4. What is the remainder when (-4)/(-3) + (-40)/(-15) - -65 is divided by s(3)?
13
Suppose -54*z + 50*z + 376 = 0. What is the remainder when z is divided by 59?
35
Suppose 15*v - 90 = 6*v. What is the remainder when 27 is divided by (4/v)/((-2)/(-80))?
11
Suppose -5*j + 104 = -j. Suppose -2*m = 3*h - 221, 2*h + m + 46 = 195. Calculate the remainder when h is divided by j.
25
Suppose -3 - 3 = 3*d, -5*h + 2*d = -34. Suppose -h - 6 = -2*m. Calculate the remainder when 34 is divided by m.
4
Suppose 0*i + 2*i - m - 13 = 0, i - 4*m = 24. Suppose -5*z - i*h = -227 - 294, -4*h = 4. Let o = 187 - z. Calculate the remainder when o is divided by 28.
26
Suppose 137 = -y + 4*g + 6, 2*g + 506 = -4*y. Let h = y - -138. Calculate the remainder when 32 is divided by h.
10
Suppose -2*p + 15 = -1. What is the remainder when 45 is divided by p?
5
Let m(f) = -3 + 0 + 4*f - 3*f. Let r(w) = w**3 - 4*w**2 - 3*w - 6. Let h be r(5). What is the remainder when m(h) is divided by 1?
0
Let i = -35 + 56. Suppose 3*j + 6 = i. Suppose 2*s + 146 = 4*p, j*p + s = 3*p + 79. Calculate the remainder when p is divided by 13.
12
Let o = 120 + -57. What is the remainder when o is divided by 38?
25
What is the remainder when 12267/94 + (-1)/2 is divided by 34?
28
Let a(p) = -p + 17. Let n be a(17). Suppose n = -2*c + 48 + 22. What is the remainder when 174 is divided by c?
34
Suppose 3*k - 4*k + 4*v + 44 = 0, 0 = -k - 4*v + 36. Calculate the remainder when 159 is divided by k.
39
Suppose 5*c - 602 + 47 = -4*n, -4*c - 5*n + 453 = 0. Calculate the remainder when 420 is divided by c.
99
Let m be 1/(((-2)/10)/(-1)). Let n = -3 + 12. What is the remainder when n is divided by m + -2 + 5 + -3?
4
Let x be (-2)/12 + 1886/12. Suppose -4*b + 679 = -z, 175 = 2*b + 2*z - x. Suppose -37 = 4*i - b. Calculate the remainder when 131 is divided by i.
32
Suppose 5*l = 2*v + 20 + 20, 4*v = -3*l - 2. Suppose 42 = l*g - 3*g. Calculate the remainder when 69 is divided by g.
13
Let d(q) = -11*q**3 + 2*q**2 - 6*q - 7. Calculate the remainder when 20 is divided by d(-1).
8
Let y(v) = -15*v**3 + 4 + 16*v**3 + 10*v**2 - 12 - 8 - 14*v. What is the remainder when y(-11) is divided by 10?
7
Let j(k) = 2*k**2 + 44*k - 65. What is the remainder when j(-30) is divided by 19?
16
Let v = 303 + -253. What is the remainder when 89 is divided by v?
39
Let c = -93 + 76. Let r = -15 + 3. Let f = r - c. What is the remainder when 7 is divided by f?
2
Let f be -164*-9*(-2)/24. What is the remainder when 66 is divided by f/(-7) + (-8)/14?
15
Let c(b) = b**2 - 5*b - 4. Let k be c(6). Let a(v) = v**2 - 10*v + 13. Calculate the remainder when (3/k)/((-1)/(-8)) is divided by a(9).
0
Suppose 586 = 11*o - 85. What is the remainder when 152 is divided by o?
30
Suppose -7 + 4 = -v. Let k(d) = 1 + v*d + d + 4*d. What is the remainder when k(1) is divided by 4?
1
Let g = 9 - 7. Suppose 7*r - g*r = 95. Let h(z) = -z**3 + 10*z**2 + 2*z - 15. What is the remainder when r is divided by h(10)?
4
Let k be (0 - 1)*-41 - 3. Let i = k + -34. What is the remainder when 14 is divided by i?
2
Suppose -c + y + 127 + 874 = 0, -2*c + 5*y = -1999. Calculate the remainder when c is divided by 15.
12
Suppose 0 = -16*p + 15*p + 131. What is the remainder when p is divided by 24?
11
Let y(r) = r + 11. Let p be y(-6). Suppose -5*g - 205 = -p*d, 0 = 3*d + 5*g - 2*g - 129. Calculate the remainder when d is divided by ((-2)/(-3))/(8/180).
12
Suppose 4*v - 14 = q + 3, -4*v - 2*q + 26 = 0. Suppose -v*g + 86 = -54. Let p = -3 + g. What is the remainder when p is divided by 7?
4
Let p(x) = 16 - 2*x + x - 10. Let m be p(4). Suppose m*b - 8 = 8. Calculate the remainder when 14 is divided by b.
6
Let j = -61 + 111. Let x = j + 5. What is the remainder when x is divided by 2/((-204)/42 - -5)?
13
Let b(z) = -z**2 - 14*z - 22. Let k = 30 + -41. Calculate the remainder when b(k) is divided by 5.
1
Let r be 4*2/((-24)/(-9)). Suppose -w - 6 - 21 = -a, 0 = -2*a - r*w + 44. What is the remainder when a is divided by 7?
4
Let u = -8 + 10. Suppose -5*i = a + 5, -3*a + 2*a + 9 = -u*i. Suppose -3*q + 5*g + 7 = -2, q = -a*g + 3. What is the remainder when q is divided by 1?
0
Let o be 0 + -1 + 237 - -2. Suppose 5*t = -15, o + 49 = 5*d - 4*t. Suppose -12 = -3*c + 30. Calculate the remainder when d is divided by 